{"id":71,"date":"2019-01-31T17:20:58","date_gmt":"2019-01-31T17:20:58","guid":{"rendered":"http:\/\/asvfuchshecke.de\/?page_id=71"},"modified":"2019-01-31T17:32:33","modified_gmt":"2019-01-31T17:32:33","slug":"wintergrillen","status":"publish","type":"page","link":"http:\/\/asvfuchshecke.de\/?page_id=71","title":{"rendered":"Wintergrillen"},"content":{"rendered":"\n<p>Anfang des Jahres wurde kurzfristig und auch etwas spontan zum Wintergrillen \neingeladen. Alle Mitglieder und deren Familienangeh\u00f6rige wurden dazu \ngeladen.<\/p>\n\n\n\n<p>Wir haben uns am Sontag den 27. Januar 2019 um 14 Uhr an der Grillh\u00fctte zum \nFuchsheckenteich getroffen.<\/p>\n\n\n\n<p>Bei ein paar sch\u00f6nen und gem\u00fctlichen Stunden haben wir gemeinsam&nbsp;Gegrillt und \nein warmes Getr\u00e4nk zu uns genommen. Bratwurst, Gl\u00fchwein und warmer Apfelsaft \nhaben uns den Tag vers\u00fc\u00dft.<\/p>\n\n\n\n<p>Ganz besonders hat uns gefreut das die neu aufgenommen Mitglieder auch mit \nvon der Partie waren.<\/p>\n\n\n\n<ul class=\"wp-block-gallery columns-3 is-cropped wp-block-gallery-1 is-layout-flex wp-block-gallery-is-layout-flex\"><li class=\"blocks-gallery-item\"><figure><img loading=\"lazy\" decoding=\"async\" width=\"576\" height=\"1024\" src=\"http:\/\/asvfuchshecke.de\/wp-content\/uploads\/2019\/01\/IMG-20190128-WA0000-576x1024.jpg\" alt=\"\" data-id=\"72\" data-link=\"http:\/\/asvfuchshecke.de\/?attachment_id=72\" class=\"wp-image-72\" srcset=\"http:\/\/asvfuchshecke.de\/wp-content\/uploads\/2019\/01\/IMG-20190128-WA0000-576x1024.jpg 576w, http:\/\/asvfuchshecke.de\/wp-content\/uploads\/2019\/01\/IMG-20190128-WA0000-169x300.jpg 169w, http:\/\/asvfuchshecke.de\/wp-content\/uploads\/2019\/01\/IMG-20190128-WA0000-768x1365.jpg 768w, http:\/\/asvfuchshecke.de\/wp-content\/uploads\/2019\/01\/IMG-20190128-WA0000.jpg 900w\" sizes=\"(max-width: 576px) 100vw, 576px\" \/><\/figure><\/li><li class=\"blocks-gallery-item\"><figure><img loading=\"lazy\" decoding=\"async\" width=\"576\" height=\"1024\" src=\"http:\/\/asvfuchshecke.de\/wp-content\/uploads\/2019\/01\/IMG-20190128-WA0001-576x1024.jpg\" alt=\"\" data-id=\"73\" data-link=\"http:\/\/asvfuchshecke.de\/?attachment_id=73\" class=\"wp-image-73\" srcset=\"http:\/\/asvfuchshecke.de\/wp-content\/uploads\/2019\/01\/IMG-20190128-WA0001-576x1024.jpg 576w, http:\/\/asvfuchshecke.de\/wp-content\/uploads\/2019\/01\/IMG-20190128-WA0001-169x300.jpg 169w, http:\/\/asvfuchshecke.de\/wp-content\/uploads\/2019\/01\/IMG-20190128-WA0001-768x1365.jpg 768w, http:\/\/asvfuchshecke.de\/wp-content\/uploads\/2019\/01\/IMG-20190128-WA0001.jpg 900w\" sizes=\"(max-width: 576px) 100vw, 576px\" \/><\/figure><\/li><li class=\"blocks-gallery-item\"><figure><img loading=\"lazy\" decoding=\"async\" width=\"576\" height=\"1024\" src=\"http:\/\/asvfuchshecke.de\/wp-content\/uploads\/2019\/01\/IMG-20190128-WA0002-576x1024.jpg\" alt=\"\" data-id=\"74\" data-link=\"http:\/\/asvfuchshecke.de\/?attachment_id=74\" class=\"wp-image-74\" srcset=\"http:\/\/asvfuchshecke.de\/wp-content\/uploads\/2019\/01\/IMG-20190128-WA0002-576x1024.jpg 576w, http:\/\/asvfuchshecke.de\/wp-content\/uploads\/2019\/01\/IMG-20190128-WA0002-169x300.jpg 169w, http:\/\/asvfuchshecke.de\/wp-content\/uploads\/2019\/01\/IMG-20190128-WA0002-768x1365.jpg 768w, http:\/\/asvfuchshecke.de\/wp-content\/uploads\/2019\/01\/IMG-20190128-WA0002.jpg 900w\" sizes=\"(max-width: 576px) 100vw, 576px\" \/><\/figure><\/li><li class=\"blocks-gallery-item\"><figure><img loading=\"lazy\" decoding=\"async\" width=\"576\" height=\"1024\" src=\"http:\/\/asvfuchshecke.de\/wp-content\/uploads\/2019\/01\/IMG-20190128-WA0005-576x1024.jpg\" alt=\"\" data-id=\"77\" data-link=\"http:\/\/asvfuchshecke.de\/?attachment_id=77\" class=\"wp-image-77\" srcset=\"http:\/\/asvfuchshecke.de\/wp-content\/uploads\/2019\/01\/IMG-20190128-WA0005-576x1024.jpg 576w, http:\/\/asvfuchshecke.de\/wp-content\/uploads\/2019\/01\/IMG-20190128-WA0005-169x300.jpg 169w, http:\/\/asvfuchshecke.de\/wp-content\/uploads\/2019\/01\/IMG-20190128-WA0005-768x1365.jpg 768w, http:\/\/asvfuchshecke.de\/wp-content\/uploads\/2019\/01\/IMG-20190128-WA0005.jpg 900w\" sizes=\"(max-width: 576px) 100vw, 576px\" \/><\/figure><\/li><li class=\"blocks-gallery-item\"><figure><img loading=\"lazy\" decoding=\"async\" width=\"576\" height=\"1024\" src=\"http:\/\/asvfuchshecke.de\/wp-content\/uploads\/2019\/01\/IMG-20190128-WA0004-576x1024.jpg\" alt=\"\" data-id=\"76\" data-link=\"http:\/\/asvfuchshecke.de\/?attachment_id=76\" class=\"wp-image-76\" srcset=\"http:\/\/asvfuchshecke.de\/wp-content\/uploads\/2019\/01\/IMG-20190128-WA0004-576x1024.jpg 576w, http:\/\/asvfuchshecke.de\/wp-content\/uploads\/2019\/01\/IMG-20190128-WA0004-169x300.jpg 169w, http:\/\/asvfuchshecke.de\/wp-content\/uploads\/2019\/01\/IMG-20190128-WA0004-768x1365.jpg 768w, http:\/\/asvfuchshecke.de\/wp-content\/uploads\/2019\/01\/IMG-20190128-WA0004.jpg 900w\" sizes=\"(max-width: 576px) 100vw, 576px\" \/><\/figure><\/li><li class=\"blocks-gallery-item\"><figure><img loading=\"lazy\" decoding=\"async\" width=\"576\" height=\"1024\" src=\"http:\/\/asvfuchshecke.de\/wp-content\/uploads\/2019\/01\/IMG-20190128-WA0003-576x1024.jpg\" alt=\"\" data-id=\"75\" data-link=\"http:\/\/asvfuchshecke.de\/?attachment_id=75\" class=\"wp-image-75\" srcset=\"http:\/\/asvfuchshecke.de\/wp-content\/uploads\/2019\/01\/IMG-20190128-WA0003-576x1024.jpg 576w, http:\/\/asvfuchshecke.de\/wp-content\/uploads\/2019\/01\/IMG-20190128-WA0003-169x300.jpg 169w, http:\/\/asvfuchshecke.de\/wp-content\/uploads\/2019\/01\/IMG-20190128-WA0003-768x1365.jpg 768w, http:\/\/asvfuchshecke.de\/wp-content\/uploads\/2019\/01\/IMG-20190128-WA0003.jpg 900w\" sizes=\"(max-width: 576px) 100vw, 576px\" \/><\/figure><\/li><\/ul>\n\n\n\n<p><a href=\"http:\/\/asvfuchshecke.de\/?page_id=46\">zur\u00fcck zu den Veranstaltungen<\/a><\/p>\n\n\n\n<p><\/p>\n","protected":false},"excerpt":{"rendered":"<p>Anfang des Jahres wurde kurzfristig und auch etwas spontan zum Wintergrillen eingeladen. Alle Mitglieder und deren Familienangeh\u00f6rige wurden dazu geladen. Wir haben uns am Sontag den 27. Januar 2019 um 14 Uhr an der Grillh\u00fctte zum Fuchsheckenteich getroffen. Bei ein paar sch\u00f6nen und gem\u00fctlichen Stunden haben wir gemeinsam&nbsp;Gegrillt und ein warmes Getr\u00e4nk zu uns genommen. &hellip; <\/p>\n<p class=\"link-more\"><a href=\"http:\/\/asvfuchshecke.de\/?page_id=71\" class=\"more-link\"><span class=\"screen-reader-text\">\u201eWintergrillen\u201c<\/span> weiterlesen<\/a><\/p>\n","protected":false},"author":1,"featured_media":0,"parent":0,"menu_order":0,"comment_status":"closed","ping_status":"closed","template":"","meta":{"jetpack_post_was_ever_published":false,"footnotes":""},"class_list":["post-71","page","type-page","status-publish","hentry"],"jetpack_sharing_enabled":true,"jetpack_shortlink":"https:\/\/wp.me\/PaGoX8-19","_links":{"self":[{"href":"http:\/\/asvfuchshecke.de\/index.php?rest_route=\/wp\/v2\/pages\/71"}],"collection":[{"href":"http:\/\/asvfuchshecke.de\/index.php?rest_route=\/wp\/v2\/pages"}],"about":[{"href":"http:\/\/asvfuchshecke.de\/index.php?rest_route=\/wp\/v2\/types\/page"}],"author":[{"embeddable":true,"href":"http:\/\/asvfuchshecke.de\/index.php?rest_route=\/wp\/v2\/users\/1"}],"replies":[{"embeddable":true,"href":"http:\/\/asvfuchshecke.de\/index.php?rest_route=%2Fwp%2Fv2%2Fcomments&post=71"}],"version-history":[{"count":2,"href":"http:\/\/asvfuchshecke.de\/index.php?rest_route=\/wp\/v2\/pages\/71\/revisions"}],"predecessor-version":[{"id":92,"href":"http:\/\/asvfuchshecke.de\/index.php?rest_route=\/wp\/v2\/pages\/71\/revisions\/92"}],"wp:attachment":[{"href":"http:\/\/asvfuchshecke.de\/index.php?rest_route=%2Fwp%2Fv2%2Fmedia&parent=71"}],"curies":[{"name":"wp","href":"https:\/\/api.w.org\/{rel}","templated":true}]}}

<p>Anfang des Jahres wurde kurzfristig und auch etwas spontan zum Wintergrillen 
eingeladen. Alle Mitglieder und deren Familienangehörige wurden dazu 
geladen.</p>



<p>Wir haben uns am Sontag den 27. Januar 2019 um 14 Uhr an der Grillhütte zum 
Fuchsheckenteich getroffen.</p>



<p>Bei ein paar schönen und gemütlichen Stunden haben wir gemeinsam&nbsp;Gegrillt und 
ein warmes Getränk zu uns genommen. Bratwurst, Glühwein und warmer Apfelsaft 
haben uns den Tag versüßt.</p>



<p>Ganz besonders hat uns gefreut das die neu aufgenommen Mitglieder auch mit 
von der Partie waren.</p>



<ul class="wp-block-gallery columns-3 is-cropped wp-block-gallery-1 is-layout-flex wp-block-gallery-is-layout-flex"><li class="blocks-gallery-item"><figure><img loading="lazy" decoding="async" width="576" height="1024" src="http://asvfuchshecke.de/wp-content/uploads/2019/01/IMG-20190128-WA0000-576x1024.jpg" alt="" data-id="72" data-link="http://asvfuchshecke.de/?attachment_id=72" class="wp-image-72" srcset="http://asvfuchshecke.de/wp-content/uploads/2019/01/IMG-20190128-WA0000-576x1024.jpg 576w, http://asvfuchshecke.de/wp-content/uploads/2019/01/IMG-20190128-WA0000-169x300.jpg 169w, http://asvfuchshecke.de/wp-content/uploads/2019/01/IMG-20190128-WA0000-768x1365.jpg 768w, http://asvfuchshecke.de/wp-content/uploads/2019/01/IMG-20190128-WA0000.jpg 900w" sizes="(max-width: 576px) 100vw, 576px" /></figure></li><li class="blocks-gallery-item"><figure><img loading="lazy" decoding="async" width="576" height="1024" src="http://asvfuchshecke.de/wp-content/uploads/2019/01/IMG-20190128-WA0001-576x1024.jpg" alt="" data-id="73" data-link="http://asvfuchshecke.de/?attachment_id=73" class="wp-image-73" srcset="http://asvfuchshecke.de/wp-content/uploads/2019/01/IMG-20190128-WA0001-576x1024.jpg 576w, http://asvfuchshecke.de/wp-content/uploads/2019/01/IMG-20190128-WA0001-169x300.jpg 169w, http://asvfuchshecke.de/wp-content/uploads/2019/01/IMG-20190128-WA0001-768x1365.jpg 768w, http://asvfuchshecke.de/wp-content/uploads/2019/01/IMG-20190128-WA0001.jpg 900w" sizes="(max-width: 576px) 100vw, 576px" /></figure></li><li class="blocks-gallery-item"><figure><img loading="lazy" decoding="async" width="576" height="1024" src="http://asvfuchshecke.de/wp-content/uploads/2019/01/IMG-20190128-WA0002-576x1024.jpg" alt="" data-id="74" data-link="http://asvfuchshecke.de/?attachment_id=74" class="wp-image-74" srcset="http://asvfuchshecke.de/wp-content/uploads/2019/01/IMG-20190128-WA0002-576x1024.jpg 576w, http://asvfuchshecke.de/wp-content/uploads/2019/01/IMG-20190128-WA0002-169x300.jpg 169w, http://asvfuchshecke.de/wp-content/uploads/2019/01/IMG-20190128-WA0002-768x1365.jpg 768w, http://asvfuchshecke.de/wp-content/uploads/2019/01/IMG-20190128-WA0002.jpg 900w" sizes="(max-width: 576px) 100vw, 576px" /></figure></li><li class="blocks-gallery-item"><figure><img loading="lazy" decoding="async" width="576" height="1024" src="http://asvfuchshecke.de/wp-content/uploads/2019/01/IMG-20190128-WA0005-576x1024.jpg" alt="" data-id="77" data-link="http://asvfuchshecke.de/?attachment_id=77" class="wp-image-77" srcset="http://asvfuchshecke.de/wp-content/uploads/2019/01/IMG-20190128-WA0005-576x1024.jpg 576w, http://asvfuchshecke.de/wp-content/uploads/2019/01/IMG-20190128-WA0005-169x300.jpg 169w, http://asvfuchshecke.de/wp-content/uploads/2019/01/IMG-20190128-WA0005-768x1365.jpg 768w, http://asvfuchshecke.de/wp-content/uploads/2019/01/IMG-20190128-WA0005.jpg 900w" sizes="(max-width: 576px) 100vw, 576px" /></figure></li><li class="blocks-gallery-item"><figure><img loading="lazy" decoding="async" width="576" height="1024" src="http://asvfuchshecke.de/wp-content/uploads/2019/01/IMG-20190128-WA0004-576x1024.jpg" alt="" data-id="76" data-link="http://asvfuchshecke.de/?attachment_id=76" class="wp-image-76" srcset="http://asvfuchshecke.de/wp-content/uploads/2019/01/IMG-20190128-WA0004-576x1024.jpg 576w, http://asvfuchshecke.de/wp-content/uploads/2019/01/IMG-20190128-WA0004-169x300.jpg 169w, http://asvfuchshecke.de/wp-content/uploads/2019/01/IMG-20190128-WA0004-768x1365.jpg 768w, http://asvfuchshecke.de/wp-content/uploads/2019/01/IMG-20190128-WA0004.jpg 900w" sizes="(max-width: 576px) 100vw, 576px" /></figure></li><li class="blocks-gallery-item"><figure><img loading="lazy" decoding="async" width="576" height="1024" src="http://asvfuchshecke.de/wp-content/uploads/2019/01/IMG-20190128-WA0003-576x1024.jpg" alt="" data-id="75" data-link="http://asvfuchshecke.de/?attachment_id=75" class="wp-image-75" srcset="http://asvfuchshecke.de/wp-content/uploads/2019/01/IMG-20190128-WA0003-576x1024.jpg 576w, http://asvfuchshecke.de/wp-content/uploads/2019/01/IMG-20190128-WA0003-169x300.jpg 169w, http://asvfuchshecke.de/wp-content/uploads/2019/01/IMG-20190128-WA0003-768x1365.jpg 768w, http://asvfuchshecke.de/wp-content/uploads/2019/01/IMG-20190128-WA0003.jpg 900w" sizes="(max-width: 576px) 100vw, 576px" /></figure></li></ul>



<p><a href="http://asvfuchshecke.de/?page_id=46">zurück zu den Veranstaltungen</a></p>



<p></p>

<p>Anfang des Jahres wurde kurzfristig und auch etwas spontan zum Wintergrillen eingeladen. Alle Mitglieder und deren Familienangehörige wurden dazu geladen. Wir haben uns am Sontag den 27. Januar 2019 um 14 Uhr an der Grillhütte zum Fuchsheckenteich getroffen. Bei ein paar schönen und gemütlichen Stunden haben wir gemeinsam&nbsp;Gegrillt und ein warmes Getränk zu uns genommen. &hellip; </p>
<p class="link-more"><a href="http://asvfuchshecke.de/?page_id=71" class="more-link"><span class="screen-reader-text">„Wintergrillen“</span> weiterlesen</a></p>
