{"id":260,"date":"2022-05-08T08:31:56","date_gmt":"2022-05-08T08:31:56","guid":{"rendered":"http:\/\/asvfuchshecke.de\/?page_id=260"},"modified":"2022-05-08T17:08:10","modified_gmt":"2022-05-08T17:08:10","slug":"anangeln-2022","status":"publish","type":"page","link":"http:\/\/asvfuchshecke.de\/?page_id=260","title":{"rendered":"Anangeln 2022"},"content":{"rendered":"\n<div class=\"wp-block-image size-large is-style-default\"><figure class=\"alignleft\"><img loading=\"lazy\" decoding=\"async\" width=\"1024\" height=\"768\" src=\"http:\/\/asvfuchshecke.de\/wp-content\/uploads\/2022\/05\/IMG-20220507-WA0006-2-1024x768.jpg\" alt=\"\" class=\"wp-image-258\" srcset=\"http:\/\/asvfuchshecke.de\/wp-content\/uploads\/2022\/05\/IMG-20220507-WA0006-2-1024x768.jpg 1024w, http:\/\/asvfuchshecke.de\/wp-content\/uploads\/2022\/05\/IMG-20220507-WA0006-2-300x225.jpg 300w, http:\/\/asvfuchshecke.de\/wp-content\/uploads\/2022\/05\/IMG-20220507-WA0006-2-768x576.jpg 768w, http:\/\/asvfuchshecke.de\/wp-content\/uploads\/2022\/05\/IMG-20220507-WA0006-2-1536x1152.jpg 1536w, http:\/\/asvfuchshecke.de\/wp-content\/uploads\/2022\/05\/IMG-20220507-WA0006-2.jpg 2048w\" sizes=\"(max-width: 706px) 89vw, (max-width: 767px) 82vw, 740px\" \/><\/figure><\/div>\n\n\n\n<p>Am 07. Mai 2022 fand unser Anangeln statt. Der Startschuss f\u00fcr die neue Saison. Zahlreiche Mitglieder haben an dieser Veranstaltung teil genommen. Das Wetter hat uns einen sch\u00f6nen sonnigen Tag beschert. <\/p>\n\n\n\n<p>Zu unserem gemeinsamen Fr\u00fchst\u00fcck besuchte uns B\u00fcrgermeister Finn Thomsen mit seiner Frau Finja. <\/p>\n\n\n\n<figure class=\"wp-block-image size-large\"><img loading=\"lazy\" decoding=\"async\" width=\"768\" height=\"1024\" src=\"http:\/\/asvfuchshecke.de\/wp-content\/uploads\/2022\/05\/IMG-20220507-WA0000-768x1024.jpg\" alt=\"\" class=\"wp-image-259\" srcset=\"http:\/\/asvfuchshecke.de\/wp-content\/uploads\/2022\/05\/IMG-20220507-WA0000-768x1024.jpg 768w, http:\/\/asvfuchshecke.de\/wp-content\/uploads\/2022\/05\/IMG-20220507-WA0000-225x300.jpg 225w, http:\/\/asvfuchshecke.de\/wp-content\/uploads\/2022\/05\/IMG-20220507-WA0000-1152x1536.jpg 1152w, http:\/\/asvfuchshecke.de\/wp-content\/uploads\/2022\/05\/IMG-20220507-WA0000.jpg 1200w\" sizes=\"(max-width: 706px) 89vw, (max-width: 767px) 82vw, 740px\" \/><figcaption>B\u00fcrgermeister Finn Thomsen (links), 1. Vorsitzender Ralf Bittner (rechts)<\/figcaption><\/figure>\n\n\n\n<figure class=\"wp-block-gallery has-nested-images columns-default is-cropped wp-block-gallery-1 is-layout-flex wp-block-gallery-is-layout-flex\">\n<figure class=\"wp-block-image size-large\"><img loading=\"lazy\" decoding=\"async\" width=\"1024\" height=\"768\" data-id=\"266\" src=\"http:\/\/asvfuchshecke.de\/wp-content\/uploads\/2022\/05\/IMG-20220507-WA0005-1024x768.jpg\" alt=\"\" class=\"wp-image-266\" srcset=\"http:\/\/asvfuchshecke.de\/wp-content\/uploads\/2022\/05\/IMG-20220507-WA0005-1024x768.jpg 1024w, http:\/\/asvfuchshecke.de\/wp-content\/uploads\/2022\/05\/IMG-20220507-WA0005-300x225.jpg 300w, http:\/\/asvfuchshecke.de\/wp-content\/uploads\/2022\/05\/IMG-20220507-WA0005-768x576.jpg 768w, http:\/\/asvfuchshecke.de\/wp-content\/uploads\/2022\/05\/IMG-20220507-WA0005-1536x1152.jpg 1536w, http:\/\/asvfuchshecke.de\/wp-content\/uploads\/2022\/05\/IMG-20220507-WA0005.jpg 2048w\" sizes=\"(max-width: 706px) 89vw, (max-width: 767px) 82vw, 740px\" \/><\/figure>\n\n\n\n<figure class=\"wp-block-image\"><img loading=\"lazy\" decoding=\"async\" width=\"2048\" height=\"1536\" data-id=\"269\" src=\"http:\/\/asvfuchshecke.de\/wp-content\/uploads\/2022\/05\/IMG-20220507-WA0006-3.jpg\" alt=\"\" class=\"wp-image-269\" srcset=\"http:\/\/asvfuchshecke.de\/wp-content\/uploads\/2022\/05\/IMG-20220507-WA0006-3.jpg 2048w, http:\/\/asvfuchshecke.de\/wp-content\/uploads\/2022\/05\/IMG-20220507-WA0006-3-300x225.jpg 300w, http:\/\/asvfuchshecke.de\/wp-content\/uploads\/2022\/05\/IMG-20220507-WA0006-3-1024x768.jpg 1024w, http:\/\/asvfuchshecke.de\/wp-content\/uploads\/2022\/05\/IMG-20220507-WA0006-3-768x576.jpg 768w, http:\/\/asvfuchshecke.de\/wp-content\/uploads\/2022\/05\/IMG-20220507-WA0006-3-1536x1152.jpg 1536w\" sizes=\"(max-width: 706px) 89vw, (max-width: 767px) 82vw, 740px\" \/><\/figure>\n\n\n\n<figure class=\"wp-block-image\"><img loading=\"lazy\" decoding=\"async\" width=\"2048\" height=\"1536\" data-id=\"270\" src=\"http:\/\/asvfuchshecke.de\/wp-content\/uploads\/2022\/05\/IMG-20220507-WA0004-1.jpg\" alt=\"\" class=\"wp-image-270\" srcset=\"http:\/\/asvfuchshecke.de\/wp-content\/uploads\/2022\/05\/IMG-20220507-WA0004-1.jpg 2048w, http:\/\/asvfuchshecke.de\/wp-content\/uploads\/2022\/05\/IMG-20220507-WA0004-1-300x225.jpg 300w, http:\/\/asvfuchshecke.de\/wp-content\/uploads\/2022\/05\/IMG-20220507-WA0004-1-1024x768.jpg 1024w, http:\/\/asvfuchshecke.de\/wp-content\/uploads\/2022\/05\/IMG-20220507-WA0004-1-768x576.jpg 768w, http:\/\/asvfuchshecke.de\/wp-content\/uploads\/2022\/05\/IMG-20220507-WA0004-1-1536x1152.jpg 1536w\" sizes=\"(max-width: 706px) 89vw, (max-width: 767px) 82vw, 740px\" \/><\/figure>\n\n\n\n<figure class=\"wp-block-image\"><img loading=\"lazy\" decoding=\"async\" width=\"2016\" height=\"1512\" data-id=\"271\" src=\"http:\/\/asvfuchshecke.de\/wp-content\/uploads\/2022\/05\/IMG-20220507-WA0003-1.jpg\" alt=\"\" class=\"wp-image-271\" srcset=\"http:\/\/asvfuchshecke.de\/wp-content\/uploads\/2022\/05\/IMG-20220507-WA0003-1.jpg 2016w, http:\/\/asvfuchshecke.de\/wp-content\/uploads\/2022\/05\/IMG-20220507-WA0003-1-300x225.jpg 300w, http:\/\/asvfuchshecke.de\/wp-content\/uploads\/2022\/05\/IMG-20220507-WA0003-1-1024x768.jpg 1024w, http:\/\/asvfuchshecke.de\/wp-content\/uploads\/2022\/05\/IMG-20220507-WA0003-1-768x576.jpg 768w, http:\/\/asvfuchshecke.de\/wp-content\/uploads\/2022\/05\/IMG-20220507-WA0003-1-1536x1152.jpg 1536w\" sizes=\"(max-width: 706px) 89vw, (max-width: 767px) 82vw, 740px\" \/><\/figure>\n\n\n\n<figure class=\"wp-block-image\"><img loading=\"lazy\" decoding=\"async\" width=\"2016\" height=\"1512\" data-id=\"267\" src=\"http:\/\/asvfuchshecke.de\/wp-content\/uploads\/2022\/05\/IMG-20220507-WA0001-1.jpg\" alt=\"\" class=\"wp-image-267\" srcset=\"http:\/\/asvfuchshecke.de\/wp-content\/uploads\/2022\/05\/IMG-20220507-WA0001-1.jpg 2016w, http:\/\/asvfuchshecke.de\/wp-content\/uploads\/2022\/05\/IMG-20220507-WA0001-1-300x225.jpg 300w, http:\/\/asvfuchshecke.de\/wp-content\/uploads\/2022\/05\/IMG-20220507-WA0001-1-1024x768.jpg 1024w, http:\/\/asvfuchshecke.de\/wp-content\/uploads\/2022\/05\/IMG-20220507-WA0001-1-768x576.jpg 768w, http:\/\/asvfuchshecke.de\/wp-content\/uploads\/2022\/05\/IMG-20220507-WA0001-1-1536x1152.jpg 1536w\" sizes=\"(max-width: 706px) 89vw, (max-width: 767px) 82vw, 740px\" \/><\/figure>\n\n\n\n<figure class=\"wp-block-image\"><img loading=\"lazy\" decoding=\"async\" width=\"2016\" height=\"1512\" data-id=\"272\" src=\"http:\/\/asvfuchshecke.de\/wp-content\/uploads\/2022\/05\/IMG-20220507-WA0002-1.jpg\" alt=\"\" class=\"wp-image-272\" srcset=\"http:\/\/asvfuchshecke.de\/wp-content\/uploads\/2022\/05\/IMG-20220507-WA0002-1.jpg 2016w, http:\/\/asvfuchshecke.de\/wp-content\/uploads\/2022\/05\/IMG-20220507-WA0002-1-300x225.jpg 300w, http:\/\/asvfuchshecke.de\/wp-content\/uploads\/2022\/05\/IMG-20220507-WA0002-1-1024x768.jpg 1024w, http:\/\/asvfuchshecke.de\/wp-content\/uploads\/2022\/05\/IMG-20220507-WA0002-1-768x576.jpg 768w, http:\/\/asvfuchshecke.de\/wp-content\/uploads\/2022\/05\/IMG-20220507-WA0002-1-1536x1152.jpg 1536w\" sizes=\"(max-width: 706px) 89vw, (max-width: 767px) 82vw, 740px\" \/><\/figure>\n<\/figure>\n","protected":false},"excerpt":{"rendered":"<p>Am 07. Mai 2022 fand unser Anangeln statt. Der Startschuss f\u00fcr die neue Saison. Zahlreiche Mitglieder haben an dieser Veranstaltung teil genommen. Das Wetter hat uns einen sch\u00f6nen sonnigen Tag beschert. Zu unserem gemeinsamen Fr\u00fchst\u00fcck besuchte uns B\u00fcrgermeister Finn Thomsen mit seiner Frau Finja.<\/p>\n","protected":false},"author":1,"featured_media":0,"parent":0,"menu_order":0,"comment_status":"open","ping_status":"closed","template":"","meta":{"jetpack_post_was_ever_published":false,"footnotes":""},"class_list":["post-260","page","type-page","status-publish","hentry"],"jetpack_sharing_enabled":true,"jetpack_shortlink":"https:\/\/wp.me\/PaGoX8-4c","_links":{"self":[{"href":"http:\/\/asvfuchshecke.de\/index.php?rest_route=\/wp\/v2\/pages\/260"}],"collection":[{"href":"http:\/\/asvfuchshecke.de\/index.php?rest_route=\/wp\/v2\/pages"}],"about":[{"href":"http:\/\/asvfuchshecke.de\/index.php?rest_route=\/wp\/v2\/types\/page"}],"author":[{"embeddable":true,"href":"http:\/\/asvfuchshecke.de\/index.php?rest_route=\/wp\/v2\/users\/1"}],"replies":[{"embeddable":true,"href":"http:\/\/asvfuchshecke.de\/index.php?rest_route=%2Fwp%2Fv2%2Fcomments&post=260"}],"version-history":[{"count":4,"href":"http:\/\/asvfuchshecke.de\/index.php?rest_route=\/wp\/v2\/pages\/260\/revisions"}],"predecessor-version":[{"id":289,"href":"http:\/\/asvfuchshecke.de\/index.php?rest_route=\/wp\/v2\/pages\/260\/revisions\/289"}],"wp:attachment":[{"href":"http:\/\/asvfuchshecke.de\/index.php?rest_route=%2Fwp%2Fv2%2Fmedia&parent=260"}],"curies":[{"name":"wp","href":"https:\/\/api.w.org\/{rel}","templated":true}]}}

<div class="wp-block-image size-large is-style-default"><figure class="alignleft"><img loading="lazy" decoding="async" width="1024" height="768" src="http://asvfuchshecke.de/wp-content/uploads/2022/05/IMG-20220507-WA0006-2-1024x768.jpg" alt="" class="wp-image-258" srcset="http://asvfuchshecke.de/wp-content/uploads/2022/05/IMG-20220507-WA0006-2-1024x768.jpg 1024w, http://asvfuchshecke.de/wp-content/uploads/2022/05/IMG-20220507-WA0006-2-300x225.jpg 300w, http://asvfuchshecke.de/wp-content/uploads/2022/05/IMG-20220507-WA0006-2-768x576.jpg 768w, http://asvfuchshecke.de/wp-content/uploads/2022/05/IMG-20220507-WA0006-2-1536x1152.jpg 1536w, http://asvfuchshecke.de/wp-content/uploads/2022/05/IMG-20220507-WA0006-2.jpg 2048w" sizes="(max-width: 706px) 89vw, (max-width: 767px) 82vw, 740px" /></figure></div>



<p>Am 07. Mai 2022 fand unser Anangeln statt. Der Startschuss für die neue Saison. Zahlreiche Mitglieder haben an dieser Veranstaltung teil genommen. Das Wetter hat uns einen schönen sonnigen Tag beschert. </p>



<p>Zu unserem gemeinsamen Frühstück besuchte uns Bürgermeister Finn Thomsen mit seiner Frau Finja. </p>



<figure class="wp-block-image size-large"><img loading="lazy" decoding="async" width="768" height="1024" src="http://asvfuchshecke.de/wp-content/uploads/2022/05/IMG-20220507-WA0000-768x1024.jpg" alt="" class="wp-image-259" srcset="http://asvfuchshecke.de/wp-content/uploads/2022/05/IMG-20220507-WA0000-768x1024.jpg 768w, http://asvfuchshecke.de/wp-content/uploads/2022/05/IMG-20220507-WA0000-225x300.jpg 225w, http://asvfuchshecke.de/wp-content/uploads/2022/05/IMG-20220507-WA0000-1152x1536.jpg 1152w, http://asvfuchshecke.de/wp-content/uploads/2022/05/IMG-20220507-WA0000.jpg 1200w" sizes="(max-width: 706px) 89vw, (max-width: 767px) 82vw, 740px" /><figcaption>Bürgermeister Finn Thomsen (links), 1. Vorsitzender Ralf Bittner (rechts)</figcaption></figure>



<figure class="wp-block-gallery has-nested-images columns-default is-cropped wp-block-gallery-1 is-layout-flex wp-block-gallery-is-layout-flex">
<figure class="wp-block-image size-large"><img loading="lazy" decoding="async" width="1024" height="768" data-id="266" src="http://asvfuchshecke.de/wp-content/uploads/2022/05/IMG-20220507-WA0005-1024x768.jpg" alt="" class="wp-image-266" srcset="http://asvfuchshecke.de/wp-content/uploads/2022/05/IMG-20220507-WA0005-1024x768.jpg 1024w, http://asvfuchshecke.de/wp-content/uploads/2022/05/IMG-20220507-WA0005-300x225.jpg 300w, http://asvfuchshecke.de/wp-content/uploads/2022/05/IMG-20220507-WA0005-768x576.jpg 768w, http://asvfuchshecke.de/wp-content/uploads/2022/05/IMG-20220507-WA0005-1536x1152.jpg 1536w, http://asvfuchshecke.de/wp-content/uploads/2022/05/IMG-20220507-WA0005.jpg 2048w" sizes="(max-width: 706px) 89vw, (max-width: 767px) 82vw, 740px" /></figure>



<figure class="wp-block-image"><img loading="lazy" decoding="async" width="2048" height="1536" data-id="269" src="http://asvfuchshecke.de/wp-content/uploads/2022/05/IMG-20220507-WA0006-3.jpg" alt="" class="wp-image-269" srcset="http://asvfuchshecke.de/wp-content/uploads/2022/05/IMG-20220507-WA0006-3.jpg 2048w, http://asvfuchshecke.de/wp-content/uploads/2022/05/IMG-20220507-WA0006-3-300x225.jpg 300w, http://asvfuchshecke.de/wp-content/uploads/2022/05/IMG-20220507-WA0006-3-1024x768.jpg 1024w, http://asvfuchshecke.de/wp-content/uploads/2022/05/IMG-20220507-WA0006-3-768x576.jpg 768w, http://asvfuchshecke.de/wp-content/uploads/2022/05/IMG-20220507-WA0006-3-1536x1152.jpg 1536w" sizes="(max-width: 706px) 89vw, (max-width: 767px) 82vw, 740px" /></figure>



<figure class="wp-block-image"><img loading="lazy" decoding="async" width="2048" height="1536" data-id="270" src="http://asvfuchshecke.de/wp-content/uploads/2022/05/IMG-20220507-WA0004-1.jpg" alt="" class="wp-image-270" srcset="http://asvfuchshecke.de/wp-content/uploads/2022/05/IMG-20220507-WA0004-1.jpg 2048w, http://asvfuchshecke.de/wp-content/uploads/2022/05/IMG-20220507-WA0004-1-300x225.jpg 300w, http://asvfuchshecke.de/wp-content/uploads/2022/05/IMG-20220507-WA0004-1-1024x768.jpg 1024w, http://asvfuchshecke.de/wp-content/uploads/2022/05/IMG-20220507-WA0004-1-768x576.jpg 768w, http://asvfuchshecke.de/wp-content/uploads/2022/05/IMG-20220507-WA0004-1-1536x1152.jpg 1536w" sizes="(max-width: 706px) 89vw, (max-width: 767px) 82vw, 740px" /></figure>



<figure class="wp-block-image"><img loading="lazy" decoding="async" width="2016" height="1512" data-id="271" src="http://asvfuchshecke.de/wp-content/uploads/2022/05/IMG-20220507-WA0003-1.jpg" alt="" class="wp-image-271" srcset="http://asvfuchshecke.de/wp-content/uploads/2022/05/IMG-20220507-WA0003-1.jpg 2016w, http://asvfuchshecke.de/wp-content/uploads/2022/05/IMG-20220507-WA0003-1-300x225.jpg 300w, http://asvfuchshecke.de/wp-content/uploads/2022/05/IMG-20220507-WA0003-1-1024x768.jpg 1024w, http://asvfuchshecke.de/wp-content/uploads/2022/05/IMG-20220507-WA0003-1-768x576.jpg 768w, http://asvfuchshecke.de/wp-content/uploads/2022/05/IMG-20220507-WA0003-1-1536x1152.jpg 1536w" sizes="(max-width: 706px) 89vw, (max-width: 767px) 82vw, 740px" /></figure>



<figure class="wp-block-image"><img loading="lazy" decoding="async" width="2016" height="1512" data-id="267" src="http://asvfuchshecke.de/wp-content/uploads/2022/05/IMG-20220507-WA0001-1.jpg" alt="" class="wp-image-267" srcset="http://asvfuchshecke.de/wp-content/uploads/2022/05/IMG-20220507-WA0001-1.jpg 2016w, http://asvfuchshecke.de/wp-content/uploads/2022/05/IMG-20220507-WA0001-1-300x225.jpg 300w, http://asvfuchshecke.de/wp-content/uploads/2022/05/IMG-20220507-WA0001-1-1024x768.jpg 1024w, http://asvfuchshecke.de/wp-content/uploads/2022/05/IMG-20220507-WA0001-1-768x576.jpg 768w, http://asvfuchshecke.de/wp-content/uploads/2022/05/IMG-20220507-WA0001-1-1536x1152.jpg 1536w" sizes="(max-width: 706px) 89vw, (max-width: 767px) 82vw, 740px" /></figure>



<figure class="wp-block-image"><img loading="lazy" decoding="async" width="2016" height="1512" data-id="272" src="http://asvfuchshecke.de/wp-content/uploads/2022/05/IMG-20220507-WA0002-1.jpg" alt="" class="wp-image-272" srcset="http://asvfuchshecke.de/wp-content/uploads/2022/05/IMG-20220507-WA0002-1.jpg 2016w, http://asvfuchshecke.de/wp-content/uploads/2022/05/IMG-20220507-WA0002-1-300x225.jpg 300w, http://asvfuchshecke.de/wp-content/uploads/2022/05/IMG-20220507-WA0002-1-1024x768.jpg 1024w, http://asvfuchshecke.de/wp-content/uploads/2022/05/IMG-20220507-WA0002-1-768x576.jpg 768w, http://asvfuchshecke.de/wp-content/uploads/2022/05/IMG-20220507-WA0002-1-1536x1152.jpg 1536w" sizes="(max-width: 706px) 89vw, (max-width: 767px) 82vw, 740px" /></figure>
</figure>

<p>Am 07. Mai 2022 fand unser Anangeln statt. Der Startschuss für die neue Saison. Zahlreiche Mitglieder haben an dieser Veranstaltung teil genommen. Das Wetter hat uns einen schönen sonnigen Tag beschert. Zu unserem gemeinsamen Frühstück besuchte uns Bürgermeister Finn Thomsen mit seiner Frau Finja.</p>
