{"id":146,"date":"2019-02-03T09:06:54","date_gmt":"2019-02-03T09:06:54","guid":{"rendered":"http:\/\/asvfuchshecke.de\/?page_id=146"},"modified":"2019-02-03T09:06:54","modified_gmt":"2019-02-03T09:06:54","slug":"zander","status":"publish","type":"page","link":"http:\/\/asvfuchshecke.de\/?page_id=146","title":{"rendered":"Zander"},"content":{"rendered":"\n<div class=\"wp-block-image\"><figure class=\"alignright\"><img loading=\"lazy\" decoding=\"async\" width=\"142\" height=\"79\" src=\"http:\/\/asvfuchshecke.de\/wp-content\/uploads\/2019\/01\/zanderk.jpg\" alt=\"\" class=\"wp-image-40\"\/><\/figure><\/div>\n\n\n\n<ul class=\"wp-block-list\"><li>Merkmale  <ul><li>langgestreckter, hecht\u00e4hnlicher K\u00f6rper (&#8222;Hechtbarsch&#8220;)  <\/li><li>lange, spitze Schnauze  <\/li><li>weite, endst\u00e4ndige Mundspalte  <\/li><li>kiefer mit ungleicher Bezahnung (kleine B\u00fcrstenz\u00e4hne, dazwischen gro\u00dfe  Fangz\u00e4hne)  <\/li><li>Kiemdeckel mit kleinem Dorn, Vorkiemendeckel gez\u00e4hnt  <\/li><li>Augenabstand gleich oder k\u00fcrzer als der Augendurchmesser<br> <\/li><\/ul><\/li><li>F\u00e4rbung  <ul><li>R\u00fccken dunkel, gr\u00fcnlich bis grau  <\/li><li>Flanken heller, bei Jungfischen mit 8-10 dunklen Querstreifen  <\/li><li>Bauch wei\u00dflich  <\/li><li>R\u00fcckenflosse mit dunklen Punktreihen  <\/li><li>Schwanzflosse mit kleinen, schwarzen Flecken<br> <\/li><\/ul><\/li><li>Nahrung  <ul><li>Kleinfische<br> <\/li><\/ul><\/li><li>L\u00e4nge  <ul><li>40-70cm  <\/li><li>max. bis 130cm<br><\/li><\/ul><\/li><\/ul>\n","protected":false},"excerpt":{"rendered":"<p>Merkmale langgestreckter, hecht\u00e4hnlicher K\u00f6rper (&#8222;Hechtbarsch&#8220;) lange, spitze Schnauze weite, endst\u00e4ndige Mundspalte kiefer mit ungleicher Bezahnung (kleine B\u00fcrstenz\u00e4hne, dazwischen gro\u00dfe Fangz\u00e4hne) Kiemdeckel mit kleinem Dorn, Vorkiemendeckel gez\u00e4hnt Augenabstand gleich oder k\u00fcrzer als der Augendurchmesser F\u00e4rbung R\u00fccken dunkel, gr\u00fcnlich bis grau Flanken heller, bei Jungfischen mit 8-10 dunklen Querstreifen Bauch wei\u00dflich R\u00fcckenflosse mit dunklen Punktreihen Schwanzflosse mit &hellip; <\/p>\n<p class=\"link-more\"><a href=\"http:\/\/asvfuchshecke.de\/?page_id=146\" class=\"more-link\"><span class=\"screen-reader-text\">\u201eZander\u201c<\/span> weiterlesen<\/a><\/p>\n","protected":false},"author":1,"featured_media":0,"parent":0,"menu_order":0,"comment_status":"closed","ping_status":"closed","template":"","meta":{"jetpack_post_was_ever_published":false,"footnotes":""},"class_list":["post-146","page","type-page","status-publish","hentry"],"jetpack_sharing_enabled":true,"jetpack_shortlink":"https:\/\/wp.me\/PaGoX8-2m","_links":{"self":[{"href":"http:\/\/asvfuchshecke.de\/index.php?rest_route=\/wp\/v2\/pages\/146"}],"collection":[{"href":"http:\/\/asvfuchshecke.de\/index.php?rest_route=\/wp\/v2\/pages"}],"about":[{"href":"http:\/\/asvfuchshecke.de\/index.php?rest_route=\/wp\/v2\/types\/page"}],"author":[{"embeddable":true,"href":"http:\/\/asvfuchshecke.de\/index.php?rest_route=\/wp\/v2\/users\/1"}],"replies":[{"embeddable":true,"href":"http:\/\/asvfuchshecke.de\/index.php?rest_route=%2Fwp%2Fv2%2Fcomments&post=146"}],"version-history":[{"count":1,"href":"http:\/\/asvfuchshecke.de\/index.php?rest_route=\/wp\/v2\/pages\/146\/revisions"}],"predecessor-version":[{"id":147,"href":"http:\/\/asvfuchshecke.de\/index.php?rest_route=\/wp\/v2\/pages\/146\/revisions\/147"}],"wp:attachment":[{"href":"http:\/\/asvfuchshecke.de\/index.php?rest_route=%2Fwp%2Fv2%2Fmedia&parent=146"}],"curies":[{"name":"wp","href":"https:\/\/api.w.org\/{rel}","templated":true}]}}