{"id":144,"date":"2019-02-03T09:06:07","date_gmt":"2019-02-03T09:06:07","guid":{"rendered":"http:\/\/asvfuchshecke.de\/?page_id=144"},"modified":"2019-02-03T09:06:07","modified_gmt":"2019-02-03T09:06:07","slug":"schleie","status":"publish","type":"page","link":"http:\/\/asvfuchshecke.de\/?page_id=144","title":{"rendered":"Schleie"},"content":{"rendered":"\n<div class=\"wp-block-image\"><figure class=\"alignright\"><img loading=\"lazy\" decoding=\"async\" width=\"142\" height=\"79\" src=\"http:\/\/asvfuchshecke.de\/wp-content\/uploads\/2019\/01\/schleiek.jpg\" alt=\"\" class=\"wp-image-38\"\/><\/figure><\/div>\n\n\n\n<ul class=\"wp-block-list\"><li>Merkmale  <ul><li>gedrungener, kr\u00e4ftig gebauter K\u00f6rper mit hohem Schwanzstiel  <\/li><li>kleine Augen  <\/li><li>kleine, endst\u00e4ndige Mundspalte  <\/li><li>1 Bartfaden an jedem Mundwinkel<br> <\/li><\/ul><\/li><li>F\u00e4rbung  <ul><li>R\u00fccken meist dunkelgr\u00fcn oder -braun  <\/li><li>Flanken heller mit Messingglanz  <\/li><li>Bauchseite gelblichwei\u00df<br> <\/li><\/ul><\/li><li>Nahrung  <ul><li>als Jungfische Plankton  <\/li><li>W\u00fcrmer  <\/li><li>Insektenlarven  <\/li><li>Weichtiere  <\/li><li>Pflanzen<br> <\/li><\/ul><\/li><li>L\u00e4nge  <ul><li>20-30cm  <\/li><li>max. bis 60cm und 7,5kg<br><\/li><\/ul><\/li><\/ul>\n","protected":false},"excerpt":{"rendered":"<p>Merkmale gedrungener, kr\u00e4ftig gebauter K\u00f6rper mit hohem Schwanzstiel kleine Augen kleine, endst\u00e4ndige Mundspalte 1 Bartfaden an jedem Mundwinkel F\u00e4rbung R\u00fccken meist dunkelgr\u00fcn oder -braun Flanken heller mit Messingglanz Bauchseite gelblichwei\u00df Nahrung als Jungfische Plankton W\u00fcrmer Insektenlarven Weichtiere Pflanzen L\u00e4nge 20-30cm max. bis 60cm und 7,5kg<\/p>\n","protected":false},"author":1,"featured_media":0,"parent":0,"menu_order":0,"comment_status":"closed","ping_status":"closed","template":"","meta":{"jetpack_post_was_ever_published":false,"footnotes":""},"class_list":["post-144","page","type-page","status-publish","hentry"],"jetpack_sharing_enabled":true,"jetpack_shortlink":"https:\/\/wp.me\/PaGoX8-2k","_links":{"self":[{"href":"http:\/\/asvfuchshecke.de\/index.php?rest_route=\/wp\/v2\/pages\/144"}],"collection":[{"href":"http:\/\/asvfuchshecke.de\/index.php?rest_route=\/wp\/v2\/pages"}],"about":[{"href":"http:\/\/asvfuchshecke.de\/index.php?rest_route=\/wp\/v2\/types\/page"}],"author":[{"embeddable":true,"href":"http:\/\/asvfuchshecke.de\/index.php?rest_route=\/wp\/v2\/users\/1"}],"replies":[{"embeddable":true,"href":"http:\/\/asvfuchshecke.de\/index.php?rest_route=%2Fwp%2Fv2%2Fcomments&post=144"}],"version-history":[{"count":1,"href":"http:\/\/asvfuchshecke.de\/index.php?rest_route=\/wp\/v2\/pages\/144\/revisions"}],"predecessor-version":[{"id":145,"href":"http:\/\/asvfuchshecke.de\/index.php?rest_route=\/wp\/v2\/pages\/144\/revisions\/145"}],"wp:attachment":[{"href":"http:\/\/asvfuchshecke.de\/index.php?rest_route=%2Fwp%2Fv2%2Fmedia&parent=144"}],"curies":[{"name":"wp","href":"https:\/\/api.w.org\/{rel}","templated":true}]}}