{"id":134,"date":"2019-02-03T09:01:48","date_gmt":"2019-02-03T09:01:48","guid":{"rendered":"http:\/\/asvfuchshecke.de\/?page_id=134"},"modified":"2019-02-03T09:01:48","modified_gmt":"2019-02-03T09:01:48","slug":"hecht","status":"publish","type":"page","link":"http:\/\/asvfuchshecke.de\/?page_id=134","title":{"rendered":"Hecht"},"content":{"rendered":"\n<div class=\"wp-block-image\"><figure class=\"alignright\"><img loading=\"lazy\" decoding=\"async\" width=\"142\" height=\"75\" src=\"http:\/\/asvfuchshecke.de\/wp-content\/uploads\/2019\/01\/hechtk.jpg\" alt=\"\" class=\"wp-image-33\"\/><\/figure><\/div>\n\n\n\n<ul class=\"wp-block-list\"><li>Merkmale  <ul><li>langgstreckter, seitlich nur wenig abgeflachter K\u00f6rper mit weit nach hinten  verlagerter R\u00fcckenflosse  <\/li><li>langer Kopf mit flacher, entenschnabelf\u00f6rmiger Schnauze und weiter  Mundspalte;<br>der Unterkiefer steht vor<br> <\/li><\/ul><\/li><li>F\u00e4rbung  <ul><li>je nach Wohngew\u00e4sser sehr unterschiedlich:  <\/li><li>R\u00fccken br\u00e4unlich oder gr\u00fcnlich, Flanken heller mit dunklen Querbinden  <\/li><li>Bauch wei\u00dflich bis gelblich  <\/li><li>R\u00fccken- , Schwanz- und Afterflosse mit unregelm\u00e4\u00dfigen, dunklen Flecken  <\/li><li>einj\u00e4hrige Fische an pflanzenreichen Uferstellen meist hellgr\u00fcn  (Grashechte)<br> <\/li><\/ul><\/li><li>Nahrung  <ul><li>Fische  <\/li><li>Fr\u00f6sche  <\/li><li>Wasserv\u00f6gel<br> <\/li><\/ul><\/li><li>L\u00e4nge  <ul><li>M\u00e4nnchen max. bis 100cm  <\/li><li>Weibchen max. bis 150cm<br><\/li><\/ul><\/li><\/ul>\n","protected":false},"excerpt":{"rendered":"<p>Merkmale langgstreckter, seitlich nur wenig abgeflachter K\u00f6rper mit weit nach hinten verlagerter R\u00fcckenflosse langer Kopf mit flacher, entenschnabelf\u00f6rmiger Schnauze und weiter Mundspalte;der Unterkiefer steht vor F\u00e4rbung je nach Wohngew\u00e4sser sehr unterschiedlich: R\u00fccken br\u00e4unlich oder gr\u00fcnlich, Flanken heller mit dunklen Querbinden Bauch wei\u00dflich bis gelblich R\u00fccken- , Schwanz- und Afterflosse mit unregelm\u00e4\u00dfigen, dunklen Flecken einj\u00e4hrige Fische &hellip; <\/p>\n<p class=\"link-more\"><a href=\"http:\/\/asvfuchshecke.de\/?page_id=134\" class=\"more-link\"><span class=\"screen-reader-text\">\u201eHecht\u201c<\/span> weiterlesen<\/a><\/p>\n","protected":false},"author":1,"featured_media":0,"parent":0,"menu_order":0,"comment_status":"closed","ping_status":"closed","template":"","meta":{"jetpack_post_was_ever_published":false,"footnotes":""},"class_list":["post-134","page","type-page","status-publish","hentry"],"jetpack_sharing_enabled":true,"jetpack_shortlink":"https:\/\/wp.me\/PaGoX8-2a","_links":{"self":[{"href":"http:\/\/asvfuchshecke.de\/index.php?rest_route=\/wp\/v2\/pages\/134"}],"collection":[{"href":"http:\/\/asvfuchshecke.de\/index.php?rest_route=\/wp\/v2\/pages"}],"about":[{"href":"http:\/\/asvfuchshecke.de\/index.php?rest_route=\/wp\/v2\/types\/page"}],"author":[{"embeddable":true,"href":"http:\/\/asvfuchshecke.de\/index.php?rest_route=\/wp\/v2\/users\/1"}],"replies":[{"embeddable":true,"href":"http:\/\/asvfuchshecke.de\/index.php?rest_route=%2Fwp%2Fv2%2Fcomments&post=134"}],"version-history":[{"count":1,"href":"http:\/\/asvfuchshecke.de\/index.php?rest_route=\/wp\/v2\/pages\/134\/revisions"}],"predecessor-version":[{"id":135,"href":"http:\/\/asvfuchshecke.de\/index.php?rest_route=\/wp\/v2\/pages\/134\/revisions\/135"}],"wp:attachment":[{"href":"http:\/\/asvfuchshecke.de\/index.php?rest_route=%2Fwp%2Fv2%2Fmedia&parent=134"}],"curies":[{"name":"wp","href":"https:\/\/api.w.org\/{rel}","templated":true}]}}